 - 2*o + 202, 3*t - 556 = 4*o. Let a = 24 - 20. Suppose a*f - 3*r - t = 2*r, f = 2*r + 51. Is f a composite number?
False
Let x be -2 + 0 + (-20)/(-5). Let s be x/(-6) + (-52)/(-12). Suppose 46 = 5*l - 4*c - 69, -2*l - s*c + 18 = 0. Is l a prime number?
True
Let d be 24/2 - 0/2. Is 1077/13 - d/(-78) composite?
False
Let a be (-1)/1*(3 - 7). Is 62/a*4/2 a prime number?
True
Let g(x) = x**3 + 5*x**2. Let c(d) = 5*d**3 - d - 1. Let a be c(-1). Let k be g(a). Let m(p) = p**2 - p + 59. Is m(k) composite?
False
Is 2/2*-1437*(-1)/3 composite?
False
Suppose -3*b - r = -3*r - 905, -2*b + 5*r = -585. Suppose 0 = 5*a + 4*g - b, -2*a + 0*g - 3*g = -115. Is a a prime number?
False
Suppose 0 = -h, -2*y + 2*h + 193 = -49. Is y a composite number?
True
Let q(d) = -20*d**3 - 6*d**2 + 2. Let y(v) = 10*v**3 + 3*v**2 - 1. Let p(l) = 3*q(l) + 7*y(l). Is p(2) composite?
True
Let w(a) = -a**3 + 5*a**2 - 3*a. Suppose 0*q - 12 = -3*q. Let y be w(q). Is (-4 + -4)*(-23)/y prime?
False
Let u(b) = b**2 + 6*b - 2. Let o be u(-7). Suppose 0 = -o*z - 0*z. Suppose -2*l - 5*p - 8 = -68, -3*l - 3*p + 99 = z. Is l prime?
False
Suppose 0*i = 3*i - 6. Let x be (9/(-6))/(3/(-440)). Suppose i*l + x = 6*l. Is l prime?
False
Is (28/7 - -1*589)*1 composite?
False
Suppose 0*b + 4625 = 5*b. Suppose i + 4*i = b. Is i prime?
False
Let l = -3 - -5. Suppose 7*b - l*b = 445. Is b composite?
False
Let m(x) = -113*x - 11. Is m(-6) prime?
False
Let h be (-2 - -3) + (-3)/3. Suppose h*s + 4*s + 748 = 0. Let p = -110 - s. Is p a composite number?
True
Suppose 4*f = -8, k - 592 = -5*f + 293. Is k composite?
True
Let p(a) = -a**2 + a + 581. Let w = -13 - -13. Is p(w) composite?
True
Suppose -5*s = -5*f + 3840, 6*f + 2*s = 2*f + 3042. Is f a composite number?
True
Let k(i) = -i. Let c be k(0). Suppose c*p = 3*d + 2*p - 3, 1 = d + 5*p. Let b(v) = 30*v**3 + 2*v**2 - v. Is b(d) a prime number?
True
Is 5/30*-1306*-3 composite?
False
Is 443 + (2 - (-3 + 3)) composite?
True
Let m(i) = 4*i - 2. Suppose 5*k = 3*h + 11, -3*h - k = h - 16. Is m(h) a prime number?
False
Let j(h) = -3*h - 4. Let x be j(-4). Let z be (-2 - 265)/((-6)/x). Suppose -c = 3*c - z. Is c composite?
False
Is ((-12)/18)/(1/(-678)) + -1 a composite number?
True
Let c be -1 + (18 - (2 - 0)). Let q be (-5)/c + 7/3. Is ((-2)/q)/((-1)/43) prime?
True
Let i = -4 + 50. Let s be ((0/2)/(-2))/(-1). Suppose -2*x + j + 43 = 0, -2*x + 4*j + i = -s*x. Is x a prime number?
False
Let p = 124 - -12. Let r = 435 - p. Is r prime?
False
Let i be -3 + 0 + (-5 - -4). Is (-2 + (-6)/i)*-74 composite?
False
Suppose 5*v - 5 = 0, -4*k + 172 + 379 = -v. Suppose -k = 5*c - 8*c. Is c a composite number?
True
Let h = -33 + 64. Is h prime?
True
Suppose 4 = 5*u + 3*f - 3, 2*u - 1 = -3*f. Suppose -196 = -6*v + u*v. Is v prime?
False
Let t(d) = 1 + 7*d - 2 - 3*d + 4*d. Is t(3) prime?
True
Let c be 1*-3 - (1 - 0). Suppose 0 = -5*w + i + 65 + 197, -42 = -w - 5*i. Is c/10 - w/(-5) composite?
True
Let s = -4 + 9. Suppose 3*y + 3*w = 4*y - 37, -21 = -y - s*w. Is y a composite number?
False
Let m be 0 + 58 + (-2)/(-1). Let q = m - 15. Is 1647/q - 4/(-10) composite?
False
Let b(x) = -x - 6. Let y be b(0). Let g(o) = -16*o - 1. Is g(y) composite?
True
Is 642/4 - 2 - (-2)/4 prime?
False
Let k(t) = -t**2 - 5*t. Let h be k(-5). Suppose g - 139 + 52 = h. Suppose -2*y - 3*a = 2*y - g, 3*y - 58 = 5*a. Is y a prime number?
False
Suppose 4*z + 20 = 3*j + j, -7 = -3*j - 5*z. Let i be (2/j)/((-2)/8). Is 46 + 1/(i - -3) composite?
False
Suppose -5*g - 176 = -4*o, -3*g - 66 = -2*o + 38. Let s = -18 - g. Is s composite?
True
Suppose 0 = -5*q + q + 36. Suppose o = -5, -q = i + 4*o + 9. Is 34 - (-1)/(2/i) prime?
False
Let z(p) = -p**3 - 5*p**2 + p + 7. Let w be z(-5). Suppose -10 + 2 = -w*y. Is y prime?
False
Let j(t) = t**3 - 4*t**2 + 2*t - 3. Let r be j(4). Let o = r - 4. Suppose -58 = -5*d + 4*i, -4*i - o - 7 = 0. Is d composite?
True
Suppose 2*f - 6*f + 624 = 0. Suppose 4*u + 51 = 3*k + 254, 3*k = 3*u - f. Is u a prime number?
True
Is (-3465)/(-42) + (-1)/(-2)*-1 a composite number?
True
Suppose 0*p + 5 = p. Suppose p = 5*v, 34 = n + n - 2*v. Suppose l - n = 73. Is l composite?
True
Let c(y) = 21*y + 6. Let x be c(-7). Let h = -58 - x. Is h a composite number?
False
Let p = -78 - -289. Is p prime?
True
Let k(t) = 3*t + 1. Let o be k(1). Suppose o*m = -m. Suppose m = -3*a + 10 + 11. Is a a prime number?
True
Let f = 2 - 1. Let u be -1*(8 + -1) - f. Let n = 11 + u. Is n composite?
False
Suppose -424 = -7*u + 31. Is u prime?
False
Suppose 6*q - 1196 = 2*q. Is q composite?
True
Let r = 4 + 3. Let w be r/((-12)/9 - -1). Let h = -12 - w. Is h composite?
True
Let m = -1430 - -2125. Is m a prime number?
False
Is 2/(-5) - 12696/(-40) prime?
True
Let a = -3 - -3. Let s(m) = -5*m**3 - m**2 - 6*m - 211. Let t(b) = -14*b**3 - 3*b**2 - 17*b - 633. Let v(h) = 17*s(h) - 6*t(h). Is v(a) a composite number?
False
Suppose 0 = -t - 0*t + 3. Suppose -3*h + 2*f = -2*f - 2029, -t*h + 2009 = f. Is h composite?
True
Let y = -6 + 6. Suppose 5*w + y*w + t = 36, 19 = 2*w + 5*t. Is w composite?
False
Let f(d) = d**3 - 2*d**2 + 1171. Is f(0) a prime number?
True
Let y(r) = 11*r + 1847. Is y(0) composite?
False
Suppose 0 = 4*o - 6*o + 52. Is o composite?
True
Let x = 700 - 67. Is x a composite number?
True
Suppose -6*h + 17*h - 2761 = 0. Is h prime?
True
Suppose 0 = 2*u - 3*y - 20, -4*y + 9*y + 40 = 5*u. Let f = 10 - u. Let w(d) = 2*d**2 - 6*d - 1. Is w(f) prime?
False
Let k be -2 + (0 - 4) - -2. Let u be (-1)/2 + 1/(-2). Let y = u - k. Is y composite?
False
Is 5/40 - 58839/(-8) composite?
True
Let c(y) = -3*y - 9. Suppose -3*h + 45 = -3*k, -3*h + 35 = -4*k + 2*k. Let m be c(k). Suppose m - 217 = -4*l. Is l a prime number?
False
Suppose 5*q + 2*h = 4*h + 251, 0 = -3*q - 3*h + 138. Is q composite?
True
Let u(a) = 10*a**2 - 14*a - 5. Let p(h) = h**2 - h. Suppose 0 = 5*d - 0*v + 2*v + 26, 5*d - v = -32. Let m(g) = d*p(g) + u(g). Is m(6) a composite number?
True
Let v(k) be the second derivative of 23*k**4/12 - 3*k**3/2 - 3*k**2/2 + 2*k. Is v(7) composite?
False
Let o(g) = -g + 4. Let z be o(3). Let w(a) = a**3 + 6*a**2 - 4*a + 4. Let u be w(-6). Suppose -u = -2*r + 3*n + z, 19 = r - 3*n. Is r composite?
True
Is ((-35)/(-10))/(3/66) composite?
True
Suppose m - 2*m + 2 = 0. Let n(b) = 20*b**2 - 4*b + 2. Is n(m) prime?
False
Let r(b) = -3*b**3 - 5*b**2 - 3*b. Let j be r(-5). Let s(t) = -t + 7. Let k be s(6). Suppose -y - 4*y + j = 4*i, -y + k = 0. Is i prime?
False
Let y be 10/25 + (-676)/(-10). Suppose 4*w = -v + 9 - 1, -3*w = -3. Suppose 0 = -v*h + y + 24. Is h composite?
False
Suppose -3*i + 15 = -0*i, -5*r + 15 = 3*i. Suppose 3*h + 50 - 155 = r. Is h a prime number?
False
Let c = 558 - 251. Is c a prime number?
True
Let n be (-1 + (1 - 3))*1. Let k(t) = 1 + 10*t**2 + 4*t - 6*t**2 + 0*t. Is k(n) a composite number?
True
Let z(x) = 3*x**2 + 4*x - 1. Suppose 4*n = -2*y - 26, 2*n - 4*y = -4 - 4. Is z(n) a composite number?
False
Let b(y) = y**3 + 11*y**2 - 2. Let j = 2 + -13. Let q be b(j). Is (30/4)/((-1)/q) a composite number?
True
Let i(d) = d**3 + d**2 - d + 14. Let p be i(0). Let l = p + -3. Is l composite?
False
Let o(q) = 6*q**2 + 9*q - 8. Is o(-9) prime?
True
Let l = -30 - -157. Is l composite?
False
Suppose 9*c + 4228 = 13*c. Is c composite?
True
Suppose -z + 4*z = 0. Suppose 5*q + z*a - 4*a - 1189 = 0, -238 = -q + a. Is q prime?
False
Let t = -4 + 17. Let v(k) = -k**3 + 15*k**2 - 20*k + 9. Is v(t) composite?
True
Let q(y) = -y**3 - 9*y**2 + y + 31. Is q(-9) composite?
True
Let n(u) be the first derivative of u**4/12 - u**3 + u - 3. Let l(c) be the first derivative of n(c). Is l(7) a composite number?
False
Suppose -198 = 2*f - 8*f. Is f a composite number?
True
Let y(t) = -t**2 - 8*t + 9. Let f be y(-9). Suppose 256 = 4*w - f*w. Let m = w - 11. Is m a prime number?
True
Let z(b) = 3*b**2 - b + 5. Is z(-5) a prime number?
False
Let p(i) = 2*i**2 - 7*i. Let c be p(5). Let y be (-1)/2*(1 - c). Suppose -t + 43 = -3*k, -4*t + y*k = 2*k - 144. Is t prime?
True
Suppose -2*c + 42 = -4*d + 5*d, 0 = 3*c + d - 62. Suppose 2*l + 10 = -4*j, -2*l + 6 - 30 = -3*j. Let k = l + c. Is k composite?
False
Let b be (-6)/7*-1*7. Let d be -28*b/16*-2. Is 70/d*6/2 prime?
False
Suppose 0 = -7*d + 4*d + 165. Suppose 3*p + 2*p = d. Suppose